 (base 3) in base 13?
2
Convert -121 (base 5) to base 11.
-33
Convert -64 (base 15) to base 10.
-94
What is -d (base 16) in base 13?
-10
-2 (base 12) to base 15
-2
-4 (base 6) to base 9
-4
Convert -7c (base 14) to base 2.
-1101110
-1 (base 12) to base 15
-1
What is -40 (base 10) in base 13?
-31
-10001100 (base 2) to base 8
-214
Convert -52 (base 15) to base 14.
-57
Convert 1 (base 3) to base 9.
1
What is -1 (base 7) in base 12?
-1
What is -6 (base 11) in base 15?
-6
Convert -113 (base 5) to base 14.
-25
Convert 36 (base 12) to base 5.
132
6 (base 7) to base 10
6
What is 2b (base 15) in base 8?
51
What is -11 (base 9) in base 8?
-12
Convert -88 (base 14) to base 11.
-aa
-65 (base 7) to base 3
-1202
What is -101 (base 2) in base 8?
-5
-1143 (base 5) to base 6
-445
What is -17 (base 12) in base 6?
-31
Convert -b (base 13) to base 6.
-15
What is 0 (base 13) in base 5?
0
Convert -10 (base 5) to base 7.
-5
What is -16 (base 10) in base 8?
-20
-1 (base 2) to base 9
-1
Convert -c (base 14) to base 16.
-c
-30 (base 13) to base 16
-27
Convert -1 (base 5) to base 16.
-1
Convert -52 (base 10) to base 16.
-34
Convert -145 (base 7) to base 13.
-64
Convert -17c (base 13) to base 6.
-1132
What is 2 (base 13) in base 10?
2
-15 (base 6) to base 16
-b
Convert -107 (base 10) to base 3.
-10222
What is 2 (base 4) in base 10?
2
Convert 2 (base 7) to base 15.
2
Convert 10111100 (base 2) to base 10.
188
What is -131 (base 4) in base 14?
-21
Convert 33 (base 6) to base 3.
210
-1c (base 15) to base 11
-25
What is 212 (base 7) in base 8?
153
What is 2012 (base 4) in base 16?
86
-3 (base 11) to base 10
-3
What is 28 (base 15) in base 2?
100110
Convert 6 (base 16) to base 6.
10
Convert -115 (base 12) to base 2.
-10100001
-136 (base 7) to base 10
-76
2 (base 4) to base 9
2
10 (base 5) to base 16
5
What is -11 (base 3) in base 2?
-100
What is 12 (base 3) in base 7?
5
Convert -5 (base 9) to base 3.
-12
What is 4 (base 6) in base 11?
4
24 (base 15) to base 16
22
-21b (base 13) to base 7
-1025
Convert 1 (base 13) to base 7.
1
Convert -1 (base 16) to base 6.
-1
What is 6 (base 15) in base 11?
6
-250 (base 6) to base 4
-1212
What is -11 (base 2) in base 11?
-3
What is 6 (base 7) in base 13?
6
147 (base 12) to base 6
531
What is 11 (base 9) in base 15?
a
36 (base 7) to base 4
123
What is 2 (base 3) in base 7?
2
Convert 3 (base 10) to base 4.
3
Convert 17 (base 9) to base 6.
24
112 (base 3) to base 8
16
What is -2c (base 13) in base 8?
-46
What is -12 (base 11) in base 6?
-21
Convert 11a (base 12) to base 3.
20011
-16a (base 12) to base 2
-11100010
Convert -46 (base 8) to base 5.
-123
Convert -4 (base 6) to base 2.
-100
What is -102 (base 3) in base 8?
-13
Convert 71 (base 10) to base 15.
4b
What is -5 (base 8) in base 5?
-10
-60 (base 10) to base 12
-50
What is 80 (base 14) in base 11?
a2
Convert 0 (base 14) to base 13.
0
What is 51 (base 9) in base 8?
56
1 (base 14) to base 11
1
-111101 (base 2) to base 15
-41
What is 26 (base 13) in base 4?
200
What is -2 (base 8) in base 11?
-2
Convert 2 (base 3) to base 13.
2
What is -2 (base 14) in base 5?
-2
What is -2 (base 6) in base 8?
-2
-213 (base 4) to base 9
-43
11 (base 15) to base 6
24
-15 (base 12) to base 16
-11
Convert 2 (base 5) to base 7.
2
0 (base 15) to base 7
0
21 (base 5) to base 13
b
Convert 6 (base 11) to base 15.
6
What is 0 (base 16) in base 12?
0
What is 0 (base 5) in base 2?
0
5 (base 9) to base 11
5
Convert -3 (base 13) to base 15.
-3
-55 (base 9) to base 15
-35
What is 30 (base 8) in base 16?
18
Convert -13 (base 14) to base 13.
-14
-5 (base 12) to base 16
-5
Convert -100 (base 2) to base 9.
-4
Convert -25 (base 6) to base 8.
-21
What is -100 (base 2) in base 12?
-4
Convert 0 (base 9) to base 2.
0
What is -10 (base 6) in base 5?
-11
What is 154 (base 6) in base 12?
5a
Convert 2413 (base 5) to base 8.
546
-227 (base 8) to base 16
-97
2c (base 15) to base 9
46
What is 9 (base 14) in base 5?
14
Convert -1 (base 11) to base 13.
-1
6 (base 9) to base 8
6
-1 (base 16) to base 3
-1
What is 521 (base 7) in base 9?
318
What is 14 (base 9) in base 4?
31
What is -23 (base 11) in base 16?
-19
Convert -1b (base 14) to base 9.
-27
Convert 1 (base 8) to base 12.
1
10 (base 14) to base 10
14
What is 1002 (base 4) in base 16?
42
Convert 11022 (base 3) to base 4.
1310
Convert -32 (base 4) to base 8.
-16
Convert 11a (base 14) to base 6.
1004
-9a (base 14) to base 3
-12001
Convert 18 (base 9) to base 7.
23
3 (base 7) to base 9
3
What is -25 (base 14) in base 9?
-36
Convert -4 (base 9) to base 11.
-4
What is -120 (base 6) in base 15?
-33
What is -2 (base 4) in base 6?
-2
What is 27 (base 9) in base 11?
23
Convert 8c (base 13) to base 2.
1110100
What is 55 (base 6) in base 15?
25
4 (base 11) to base 4
10
What is -2 (base 14) in base 16?
-2
What is -b (base 16) in base 11?
-10
Convert -43 (base 9) to base 14.
-2b
Convert 5 (base 16) to base 9.
5
Convert c (base 14) to base 3.
110
What is -4 (base 6) in base 9?
-4
Convert -1 (base 15) to base 12.
-1
Convert 6 (base 13) to base 3.
20
Convert 4 (base 14) to base 12.
4
Convert -166 (base 7) to base 4.
-1201
-3 (base 11) to base 6
-3
Convert -152 (base 9) to base 7.
-242
1 (base 14) to base 12
1
Convert 13 (base 8) to base 7.
14
What is -2 (base 15) in base 11?
-2
1 (base 6) to base 3
1
What is -13 (base 6) in base 4?
-21
Convert 10 (base 8) to base 4.
20
0 (base 14) to base 4
0
Convert 22 (base 6) to base 5.
24
-2 (base 10) to base 9
-2
What is 20 (base 11) in base 2?
10110
Convert -131 (base 4) to base 14.
-21
Convert 10c (base 15) to base 14.
12d
What is -4 (base 11) in base 6?
-4
Convert 2 (base 12) to base 2.
10
4 (base 5) to base 10
4
What is 4 (base 12) in base 6?
4
Convert 2 (base 16) to base 7.
2
What is -44 (base 6) in base 15?
-1d
Convert -201 (base 6) to base 14.
-53
Convert -1211 (base 5) to base 14.
-cd
-1111 (base 3) to base 16
-28
What is 2 (base 5) in base 8?
2
0 (base 15) to base 14
0
0 (base 16) to base 13
0
5 (base 10) to base 4
11
4 (base 13) to base 6
4
Convert 11b (base 12) to base 5.
1132
Convert -120 (base 6) to base 11.
-44
What is -33 (base 16) in base 10?
-51
Convert -56 (base 10) to base 7.
-110
What is -552 (base 7) in base 4?
-10122
Convert 6 (base 13) to base 8.
6
19 (base 11) to base 8
24
35 (base 7) to base 13
20
What is 15 (base 7) in base 15?
c
Convert -5 (base 7) to base 14.
-5
What is -21 (base 16) in base 4?
-201
0 (base 2) to base 4
0
What is -1101 (base 2) in base 14?
-d
What is -a (base 16) in base 3?
-101
Convert -28 (base 16) to base 4.
-220
110001 (base 2) to base 15
34
22 (base 8) to base 15
13
-32 (base 6) to base 13
-17
-45 (base 6) to base 14
-21
-10 (base 12) to base 14
-c
31 (base 7) to base 14
18
3 (base 8) to base 10
3
-1001010 (base 2) to base 3
-2202
What is -1 (base 7) in base 11?
-1
-1 (base 11) to base 8
-1
Convert 42 (base 7) to base 12.
26
What is 9 (base 11) in base 10?
9
What is 5 (base 15) in base 8?
5
What is -32 (base 7) in base 14?
-19
What is 0 (base 11) in base 10?
0
Convert -11 (base 9) to base 4.
-22
What is 100 (base 2) in base 9?
4
1 (base 9) to base 11
1
Convert -71 (base 9) to base 6.
-144
What is -12 (base 8) in base 2?
-1010
17 (base 16) to base 4
113
What is 1 (base 9) in base 6?
1
Convert 26 (base 8) to base 12.
1a
What is -7 (base 14) in base 13?
-7
12 (base 4) to base 10
6
What is -6 (base 8) in base 6?
-10
52 (base 14) to base 9
80
What is -6 (base 12) in base 11?
-6
Convert c (base 13) to base 16.
c
What is 306 (base 9) in base 11?
207
What is 111 (base 3) in base 16?
d
What is -15 (base 6) in base 10?
-11
What is -11 (base 7) in base 4?
-20
Convert 442 (base 7) to base 10.
226
What is -3 (base 5) in base 11?
-3
Convert -101 (base 7) to base 15.
-35
What is -c (base 14) in base 8?
-14
-9 (base 10) to base 13
-9
-2 (base 12) to base 3
-2
Convert -324 (base 6) to base 10.
-124
What is 28 (base 12) in base 4?
200
-13 (base 15) to base 16
-12
6 (base 11) to base 8
6
What is 12 (base 5) in base 6?
11
Convert -1001 (base 2) to base 4.
-21
-6 (base 9) to base 11
-6
What is 2202 (base 3) in base 7?
134
What is 54 (base 11) in base 15?
3e
5 (base 6) to base 8
5
What is 10 (base 7) in base 9?
7
Convert -11 (base 9) to base 11.
-a
-110 (base 2) to base 12
-6
Convert -32 (base 15) to base 14.
-35
53 (base 6) to base 15
